{"id":130,"date":"2018-03-09T12:48:26","date_gmt":"2018-03-09T12:48:26","guid":{"rendered":"https:\/\/refugiodelneusa.com\/index.php\/services\/"},"modified":"2024-06-18T17:10:37","modified_gmt":"2024-06-18T17:10:37","slug":"services","status":"publish","type":"page","link":"https:\/\/refugiodelneusa.com\/index.php\/services\/","title":{"rendered":"Services"},"content":{"rendered":"\n\n\t\t\t<h4>Servicios<\/h4><h2>Caba\u00f1as, zona de camping, restaurante, picnic y otras actividades.<\/h2>\t\t\t\n\t\t\t<h4>Todo lo que encuentras en nuestras caba\u00f1as<\/h4><h2>M\u00e1s cerca de las estrellas<\/h2>\t\t\t\n\t\t\t<a href=\"https:\/\/www.google.com\/maps\/dir\/4.7311355,-74.0944684\/REFUGIO+DEL+NEUSA\/@4.9414789,-74.1593811,11z\/data=!3m1!4b1!4m9!4m8!1m1!4e1!1m5!1m1!1s0x8e4069012f755dc5:0x1d897901ea350f22!2m2!1d-73.9636204!2d5.1716219\" target=\"_self\" role=\"button\" rel=\"noopener\">\n\t\t\t\t\t\t\tDA CLICK PARA LLEGAR\n\t\t\t\t\t<\/a>\n\t\t\t\t\t\t<h4 tabindex=\"0\">01. Hospedaje<\/h4>\n\t\t\t<p><a href=\"https:\/\/engine.lobbypms.com\/refugio-del-neusa\">Un servicio pensado para que\u00a0 te hospedes disfrutando la mejor de las experiencias.<\/a><\/p>\n\t\t\t\t\t\t<h4 tabindex=\"0\">02. Granja<\/h4>\n\t\t\t<p><a href=\"https:\/\/api.whatsapp.com\/send\/?phone=573157660292&amp;text=Hola+deseo+hablar+con+un+asesor.&amp;type=phone_number&amp;app_absent=0\">Conectate con animales tipo campestre y vive una experiencia inolvidable.<\/a><\/p>\n\t\t\t\t\t\t<h4 tabindex=\"0\">03. Zona de camping<\/h4>\n\t\t\t<p><a href=\"https:\/\/api.whatsapp.com\/send\/?phone=573157660292&amp;text=Hola+deseo+hablar+con+un+asesor.&amp;type=phone_number&amp;app_absent=0\">La mejor de las zonas de camping de toda cundinamarca.<\/a><\/p>\n\t\t\t\t\t\t<h4 tabindex=\"0\">04. Restaurante<\/h4>\n\t\t\t<p><a href=\"https:\/\/refugiodelneusa.com\/index.php\/menu\/\">Lo mejor de la comida t\u00edpica de Colombia.<\/a><\/p>\n\n","protected":false},"excerpt":{"rendered":"<p>Servicios Caba\u00f1as, zona de camping, restaurante, picnic y otras actividades. Todo lo que encuentras en nuestras caba\u00f1as M\u00e1s cerca de las estrellas DA CLICK PARA LLEGAR 01. Hospedaje Un servicio pensado para que\u00a0 te hospedes disfrutando la mejor de las experiencias. 02. Granja Conectate con animales tipo campestre y vive una experiencia inolvidable. 03. Zona &hellip;<\/p>\n<p class=\"read-more\"> <a class=\"\" href=\"https:\/\/refugiodelneusa.com\/index.php\/services\/\"> <span class=\"screen-reader-text\">Services<\/span> Leer m\u00e1s &raquo;<\/a><\/p>\n","protected":false},"author":1,"featured_media":0,"parent":0,"menu_order":0,"comment_status":"closed","ping_status":"closed","template":"","meta":{"om_disable_all_campaigns":false,"_monsterinsights_skip_tracking":false,"_monsterinsights_sitenote_active":false,"_monsterinsights_sitenote_note":"","_monsterinsights_sitenote_category":0,"_joinchat":[],"footnotes":""},"class_list":["post-130","page","type-page","status-publish","hentry"],"aioseo_notices":[],"_links":{"self":[{"href":"https:\/\/refugiodelneusa.com\/index.php\/wp-json\/wp\/v2\/pages\/130","targetHints":{"allow":["GET"]}}],"collection":[{"href":"https:\/\/refugiodelneusa.com\/index.php\/wp-json\/wp\/v2\/pages"}],"about":[{"href":"https:\/\/refugiodelneusa.com\/index.php\/wp-json\/wp\/v2\/types\/page"}],"author":[{"embeddable":true,"href":"https:\/\/refugiodelneusa.com\/index.php\/wp-json\/wp\/v2\/users\/1"}],"replies":[{"embeddable":true,"href":"https:\/\/refugiodelneusa.com\/index.php\/wp-json\/wp\/v2\/comments?post=130"}],"version-history":[{"count":15,"href":"https:\/\/refugiodelneusa.com\/index.php\/wp-json\/wp\/v2\/pages\/130\/revisions"}],"predecessor-version":[{"id":1428,"href":"https:\/\/refugiodelneusa.com\/index.php\/wp-json\/wp\/v2\/pages\/130\/revisions\/1428"}],"wp:attachment":[{"href":"https:\/\/refugiodelneusa.com\/index.php\/wp-json\/wp\/v2\/media?parent=130"}],"curies":[{"name":"wp","href":"https:\/\/api.w.org\/{rel}","templated":true}]}}